499
What are the prime factors of 654145?
5, 130829
What are the prime factors of 315778?
2, 157889
List the prime factors of 197410.
2, 5, 19, 1039
What are the prime factors of 3711166?
2, 53, 157, 223
List the prime factors of 1451979.
3, 53777
List the prime factors of 937705.
5, 167, 1123
What are the prime factors of 763173?
3, 19, 4463
What are the prime factors of 6649226?
2, 3324613
What are the prime factors of 81904?
2, 5119
List the prime factors of 4074797.
19, 214463
What are the prime factors of 11511640?
2, 5, 7, 41113
What are the prime factors of 15083514?
2, 3, 863, 971
List the prime factors of 552783.
3, 7, 11, 2393
List the prime factors of 8854419.
3, 7, 421639
What are the prime factors of 18333189?
3, 7, 97001
What are the prime factors of 427606?
2, 47, 4549
What are the prime factors of 2638566?
2, 3, 7, 43, 487
What are the prime factors of 376858?
2, 61, 3089
What are the prime factors of 1479984?
2, 3, 11, 2803
What are the prime factors of 161151?
3, 53717
What are the prime factors of 1060940?
2, 5, 53047
List the prime factors of 120017.
120017
List the prime factors of 1728814.
2, 864407
List the prime factors of 224018.
2, 101, 1109
List the prime factors of 198570.
2, 3, 5, 6619
List the prime factors of 451533.
3, 41, 3671
What are the prime factors of 716309?
11, 65119
List the prime factors of 344395.
5, 68879
List the prime factors of 447838.
2, 223919
List the prime factors of 14947896.
2, 3, 17, 36637
List the prime factors of 64877.
64877
List the prime factors of 192030.
2, 3, 5, 37, 173
List the prime factors of 3444002.
2, 83, 20747
What are the prime factors of 13674164?
2, 7, 37, 67, 197
List the prime factors of 164124.
2, 3, 47, 97
List the prime factors of 6311468.
2, 79, 19973
List the prime factors of 19519.
131, 149
List the prime factors of 271946.
2, 227, 599
List the prime factors of 4930411.
379, 13009
What are the prime factors of 891810?
2, 3, 5, 367
What are the prime factors of 104135?
5, 59, 353
List the prime factors of 575359.
575359
What are the prime factors of 9771581?
2897, 3373
List the prime factors of 1149572.
2, 287393
List the prime factors of 648128.
2, 13, 19, 41
List the prime factors of 3916211.
13, 301247
What are the prime factors of 294262?
2, 23, 6397
List the prime factors of 1717938.
2, 3, 95441
What are the prime factors of 11701289?
43, 503, 541
List the prime factors of 2067207.
3, 29, 23761
List the prime factors of 12588.
2, 3, 1049
What are the prime factors of 237630?
2, 3, 5, 89
List the prime factors of 948525.
3, 5, 12647
List the prime factors of 2121680.
2, 5, 11, 2411
List the prime factors of 1603047.
3, 131, 4079
What are the prime factors of 6743038?
2, 3371519
What are the prime factors of 617892?
2, 3, 11, 31, 151
What are the prime factors of 746115?
3, 5, 49741
What are the prime factors of 17633025?
3, 5, 151, 173
What are the prime factors of 3385650?
2, 3, 5, 22571
What are the prime factors of 143566?
2, 23, 3121
What are the prime factors of 279811?
7, 71, 563
What are the prime factors of 5119868?
2, 13, 98459
List the prime factors of 453223.
79, 5737
List the prime factors of 672862.
2, 101, 3331
What are the prime factors of 891354?
2, 3, 53, 2803
What are the prime factors of 1044461?
11, 94951
What are the prime factors of 177962?
2, 101, 881
What are the prime factors of 282213?
3, 31357
List the prime factors of 395413.
199, 1987
What are the prime factors of 676975?
5, 13, 2083
What are the prime factors of 406511?
7, 58073
List the prime factors of 27013204.
2, 17, 397253
List the prime factors of 138197.
138197
What are the prime factors of 359583?
3, 7, 17123
What are the prime factors of 650052?
2, 3, 13, 463
What are the prime factors of 1743645?
3, 5, 116243
List the prime factors of 364541.
364541
List the prime factors of 391534.
2, 11, 13, 37
List the prime factors of 200509.
43, 4663
What are the prime factors of 764982?
2, 3, 42499
What are the prime factors of 4654708?
2, 277, 4201
List the prime factors of 295036.
2, 7, 41, 257
List the prime factors of 67568.
2, 41, 103
List the prime factors of 31041483.
3, 11, 37, 25423
List the prime factors of 1501573.
1501573
List the prime factors of 3459262.
2, 17, 71, 1433
List the prime factors of 10401407.
97, 157, 683
List the prime factors of 1787255.
5, 149, 2399
List the prime factors of 14363667.
3, 853, 1871
List the prime factors of 416849.
416849
List the prime factors of 23080261.
23080261
List the prime factors of 1772848.
2, 7, 11, 1439
List the prime factors of 14514590.
2, 5, 59, 73, 337
List the prime factors of 65364.
2, 3, 13, 419
What are the prime factors of 1915861?
47, 40763
List the prime factors of 57533.
7, 8219
What are the prime factors of 664997?
664997
What are the prime factors of 787809?
3, 11, 23873
List the prime factors of 3281936.
2, 7, 29303
List the prime factors of 12577510.
2, 5, 11, 109, 1049
What are the prime factors of 543154?
2, 59, 4603
List the prime factors of 2664402.
2, 3, 13, 34159
What are the prime factors of 758621?
131, 5791
What are the prime factors of 188075?
5, 7523
What are the prime factors of 12297287?
12297287
List the prime factors of 1805012.
2, 11, 41023
List the prime factors of 163313.
197, 829
List the prime factors of 851218.
2, 425609
List the prime factors of 11905444.
2, 23, 151, 857
List the prime factors of 206544.
2, 3, 13, 331
What are the prime factors of 219559?
29, 67, 113
List the prime factors of 251194.
2, 125597
What are the prime factors of 584925?
3, 5, 11, 709
What are the prime factors of 2265325?
5, 31, 37, 79
List the prime factors of 11814460.
2, 5, 7, 84389
List the prime factors of 5198757.
3, 89, 19471
What are the prime factors of 265106?
2, 41, 53, 61
What are the prime factors of 3584119?
7, 11, 89, 523
What are the prime factors of 2095330?
2, 5, 209533
List the prime factors of 2168453.
7, 309779
What are the prime factors of 92636?
2, 23159
List the prime factors of 188561.
193, 977
What are the prime factors of 24559203?
3, 17, 263, 1831
List the prime factors of 9013887.
3, 367, 2729
List the prime factors of 24989.
24989
What are the prime factors of 643091?
227, 2833
What are the prime factors of 1616304?
2, 3, 151, 223
List the prime factors of 218216.
2, 27277
List the prime factors of 15288914.
2, 733, 10429
List the prime factors of 2458576.
2, 37, 4153
List the prime factors of 13960952.
2, 431, 4049
What are the prime factors of 577809?
3, 19, 31, 109
What are the prime factors of 24029481?
3, 7, 1144261
What are the prime factors of 1123898?
2, 113, 4973
List the prime factors of 9610530.
2, 3, 5, 109, 2939
What are the prime factors of 623245?
5, 7, 17807
What are the prime factors of 16569578?
2, 1117, 7417
List the prime factors of 36123.
3, 12041
What are the prime factors of 10391707?
97, 149, 719
What are the prime factors of 583291?
583291
List the prime factors of 72373.
7, 211
What are the prime factors of 322852?
2, 80713
What are the prime factors of 34061953?
34061953
What are the prime factors of 2644021?
19, 31, 67
What are the prime factors of 531404?
2, 132851
What are the prime factors of 2326696?
2, 290837
List the prime factors of 5865242.
2, 743, 3947
What are the prime factors of 60288?
2, 3, 157
What are the prime factors of 3588356?
2, 47, 19087
List the prime factors of 180312.
2, 3, 11, 683
What are the prime factors of 451306?
2, 23, 9811
List the prime factors of 25301.
25301
List the prime factors of 3182875.
5, 25463
List the prime factors of 3654326.
2, 13, 140551
List the prime factors of 26137117.
3491, 7487
What are the prime factors of 174883?
179, 977
What are the prime factors of 25697956?
2, 19, 179, 1889
List the prime factors of 9157412.
2, 11, 73, 2851
List the prime factors of 444141.
3, 61, 809
What are the prime factors of 409954?
2, 71, 2887
List the prime factors of 11108475.
3, 5, 7, 2351
List the prime factors of 17810995.
5, 3562199
What are the prime factors of 277555?
5, 55511
What are the prime factors of 1885094?
2, 389, 2423
List the prime factors of 236659.
236659
List the prime factors of 66605.
5, 7, 11, 173
List the prime factors of 443877.
3, 7, 23, 919
What are the prime factors of 7712272?
2, 482017
W